69
List the prime factors of 162999148.
2, 13, 103, 2341
List the prime factors of 1167247356.
2, 3, 11, 8842783
List the prime factors of 1335301270.
2, 5, 103, 1296409
What are the prime factors of 1402627524?
2, 3, 37, 151, 20921
What are the prime factors of 235191520?
2, 5, 1469947
List the prime factors of 59581494.
2, 3, 7, 52541
What are the prime factors of 293649265?
5, 7, 13, 645383
What are the prime factors of 4600785802?
2, 2300392901
List the prime factors of 148760369.
148760369
List the prime factors of 824403532.
2, 29, 61, 116507
List the prime factors of 678872953.
11, 257, 240139
What are the prime factors of 37042860?
2, 3, 5, 29, 61, 349
What are the prime factors of 97510707?
3, 7, 911, 1699
List the prime factors of 160017178.
2, 41, 1951429
List the prime factors of 29978917.
37, 97, 8353
What are the prime factors of 5425083437?
821, 2003, 3299
What are the prime factors of 76944558?
2, 3, 12824093
What are the prime factors of 53974?
2, 26987
What are the prime factors of 4102832351?
4102832351
What are the prime factors of 4199532450?
2, 3, 5, 27996883
What are the prime factors of 724649934?
2, 3, 797, 151537
What are the prime factors of 860825299?
29, 41, 43, 113, 149
What are the prime factors of 465637372?
2, 127, 191, 4799
What are the prime factors of 3682703375?
5, 13, 251, 9029
List the prime factors of 70851719.
317, 223507
List the prime factors of 2304897.
3, 7, 41, 2677
List the prime factors of 3015044457.
3, 229, 4388711
What are the prime factors of 3497080426?
2, 7, 31, 419, 19231
List the prime factors of 215330675.
5, 7, 1230461
List the prime factors of 1155335218.
2, 23, 31, 810193
List the prime factors of 95978778.
2, 3, 7, 227, 10067
What are the prime factors of 199561147?
17, 151, 269
List the prime factors of 1797900753.
3, 11, 557, 97813
List the prime factors of 8499405.
3, 5, 17, 33331
What are the prime factors of 63035735?
5, 7, 1801021
List the prime factors of 363249240.
2, 3, 5, 3027077
What are the prime factors of 6724142?
2, 23, 127, 1151
What are the prime factors of 7098470150?
2, 5, 141969403
List the prime factors of 316419797.
311, 461, 2207
What are the prime factors of 176060369?
277, 397, 1601
What are the prime factors of 1543133240?
2, 5, 11, 223, 15727
List the prime factors of 68797368.
2, 3, 17, 56207
What are the prime factors of 610386200?
2, 5, 29, 105239
List the prime factors of 561854617.
101, 431, 12907
List the prime factors of 2339262470.
2, 5, 37, 6322331
List the prime factors of 472415053.
11, 4201, 10223
What are the prime factors of 133832418?
2, 3, 1061, 21023
List the prime factors of 682259911.
682259911
What are the prime factors of 82362934?
2, 41181467
List the prime factors of 146358708.
2, 3, 29, 420571
List the prime factors of 1348039.
7, 11, 41, 61
What are the prime factors of 6275645?
5, 1255129
What are the prime factors of 399848622?
2, 3, 66641437
What are the prime factors of 2126107160?
2, 5, 29, 1832851
List the prime factors of 36853431.
3, 281, 43717
List the prime factors of 82309377.
3, 71, 386429
What are the prime factors of 394928328?
2, 3, 3697, 4451
What are the prime factors of 29527248?
2, 3, 615151
List the prime factors of 6575876081.
18089, 363529
What are the prime factors of 490652413?
490652413
What are the prime factors of 135929149?
23, 43, 167, 823
What are the prime factors of 1295961810?
2, 3, 5, 11, 13, 181, 1669
List the prime factors of 996240795.
3, 5, 11, 548893
What are the prime factors of 18066801?
3, 17, 354251
List the prime factors of 673659028.
2, 7, 41, 586811
List the prime factors of 5070779834.
2, 2535389917
What are the prime factors of 23670684?
2, 3, 61, 3593
List the prime factors of 33381822.
2, 3, 19, 443, 661
List the prime factors of 407815308.
2, 3, 11328203
List the prime factors of 2547701999.
239, 313, 34057
List the prime factors of 43711672.
2, 311, 17569
List the prime factors of 57350554.
2, 17, 41, 41141
What are the prime factors of 93927761?
41, 47, 79, 617
What are the prime factors of 2314865482?
2, 109, 10618649
List the prime factors of 5844131338.
2, 173, 349, 48397
List the prime factors of 433884606.
2, 3, 53, 1364417
What are the prime factors of 375089106?
2, 3, 7, 23, 97, 4003
List the prime factors of 2869756941.
3, 19, 50346613
List the prime factors of 23618313.
3, 2624257
List the prime factors of 2077375826.
2, 17, 4663, 13103
What are the prime factors of 136632435?
3, 5, 227, 40127
What are the prime factors of 1299371268?
2, 3, 13, 17, 489959
List the prime factors of 44675948.
2, 509, 21943
List the prime factors of 9547169191.
7, 19, 3329, 21563
List the prime factors of 802206614.
2, 11, 36463937
What are the prime factors of 115137757?
7, 2459, 6689
What are the prime factors of 75672617?
1801, 42017
What are the prime factors of 167466668?
2, 769, 54443
List the prime factors of 46236839.
11, 4203349
What are the prime factors of 137497088?
2, 17, 15797
What are the prime factors of 1046545925?
5, 17, 37, 66553
What are the prime factors of 31580478?
2, 3, 29, 101, 599
What are the prime factors of 5378935499?
7, 768419357
What are the prime factors of 68890483?
163, 263, 1607
List the prime factors of 182573629.
7, 26081947
List the prime factors of 850398702.
2, 3, 43, 3296119
List the prime factors of 307942246.
2, 4157, 37039
List the prime factors of 11234963.
83, 223, 607
What are the prime factors of 252717319?
163, 1550413
What are the prime factors of 36411223?
36411223
What are the prime factors of 662907464?
2, 53, 1563461
List the prime factors of 1832557110.
2, 3, 5, 59, 1035343
What are the prime factors of 82116459?
3, 73, 124987
What are the prime factors of 44866331?
31, 809, 1789
What are the prime factors of 19188202?
2, 11, 683, 1277
What are the prime factors of 2928338193?
3, 11, 88737521
What are the prime factors of 309624322?
2, 7, 22116023
What are the prime factors of 90960131?
90960131
What are the prime factors of 520016950?
2, 5, 10400339
What are the prime factors of 75811415?
5, 17, 891899
List the prime factors of 79040078.
2, 13, 3040003
What are the prime factors of 54241055?
5, 11, 47, 20983
What are the prime factors of 126865489?
19, 37, 180463
What are the prime factors of 5724352426?
2, 13, 8467, 26003
List the prime factors of 1818486028.
2, 163, 2789089
List the prime factors of 999626197.
17, 58801541
What are the prime factors of 146123102?
2, 3307, 22093
What are the prime factors of 85201041?
3, 317, 89591
What are the prime factors of 2222252077?
107, 20768711
List the prime factors of 787950163.
7, 11, 13, 151, 401
What are the prime factors of 524266601?
19, 103, 267893
List the prime factors of 5535177181.
5535177181
What are the prime factors of 32577278?
2, 127, 128257
List the prime factors of 355013881.
355013881
List the prime factors of 45447030.
2, 3, 5, 504967
List the prime factors of 92121649.
3361, 27409
What are the prime factors of 312714305?
5, 1721, 36341
List the prime factors of 784840604.
2, 196210151
What are the prime factors of 415883940?
2, 3, 5, 2179, 3181
What are the prime factors of 4419666407?
13, 23, 14781493
List the prime factors of 26348968.
2, 3293621
List the prime factors of 12521959.
23, 23671
What are the prime factors of 2978461126?
2, 1231, 1209773
List the prime factors of 49226778.
2, 3, 277, 1097
List the prime factors of 503348166.
2, 3, 27963787
List the prime factors of 674967705.
3, 5, 47, 79, 12119
List the prime factors of 68755765.
5, 13, 1057781
What are the prime factors of 43458322?
2, 21729161
List the prime factors of 34730592.
2, 3, 13, 17, 1637
What are the prime factors of 96152575?
5, 3846103
What are the prime factors of 127676642?
2, 63838321
List the prime factors of 4243567.
37, 114691
List the prime factors of 245909617.
245909617
What are the prime factors of 1375225419?
3, 61, 89, 84437
What are the prime factors of 1810753969?
1810753969
What are the prime factors of 96255172?
2, 13, 73, 25357
List the prime factors of 47366820.
2, 3, 5, 79, 3331
List the prime factors of 69952141.
7, 103, 97021
What are the prime factors of 749197690?
2, 5, 6521, 11489
List the prime factors of 33868186.
2, 11, 1539463
What are the prime factors of 677